{"id":194,"date":"2018-10-21T13:54:47","date_gmt":"2018-10-21T13:54:47","guid":{"rendered":"https:\/\/www.tweedehandsindustrieleproducten.nl\/wordpress\/?post_type=product&#038;p=194"},"modified":"2019-04-22T14:16:04","modified_gmt":"2019-04-22T14:16:04","slug":"jvl-mis232a1m3h275-geitegreerde-stappenmotor","status":"publish","type":"product","link":"https:\/\/www.tweedehandsindustrieleproducten.nl\/wordpress\/product\/jvl-mis232a1m3h275-geitegreerde-stappenmotor\/","title":{"rendered":"JVL MIS232A1M3H275 Ge\u00eftegreerde stappenmotor"},"content":{"rendered":"<div class=\"accordion current\">Motor details<\/div>\n<div id=\"main-table\" class=\"data-table\">\n<table id=\"product-attribute-specs-table-2\" class=\"attri-table\">\n<colgroup>\n<col width=\"25%\" \/>\n<col \/><\/colgroup>\n<tbody>\n<tr class=\"first odd\">\n<th class=\"label\">Max current CVI [A]<\/th>\n<td class=\"data last\">1,6<\/td>\n<\/tr>\n<tr class=\"even\">\n<th class=\"label\">Running torque [Nm]<\/th>\n<td class=\"data last\">No<\/td>\n<\/tr>\n<tr class=\"odd\">\n<th class=\"label\">Speed [Rpm]<\/th>\n<td class=\"data last\">1023<\/td>\n<\/tr>\n<tr class=\"even\">\n<th class=\"label\">Connectivity &#8211; Busses<\/th>\n<td class=\"data last\">RS485<\/td>\n<\/tr>\n<tr class=\"odd\">\n<th class=\"label\">Encoder type<\/th>\n<td class=\"data last\">H2 Incremental\/abs_singleturn<\/td>\n<\/tr>\n<tr class=\"even\">\n<th class=\"label\">Integrated PLC<\/th>\n<td class=\"data last\">Yes<\/td>\n<\/tr>\n<tr class=\"odd\">\n<th class=\"label\">PLC no. of DIO<\/th>\n<td class=\"data last\">&#8211;<\/td>\n<\/tr>\n<tr class=\"even\">\n<th class=\"label\">Brake<\/th>\n<td class=\"data last\">No<\/td>\n<\/tr>\n<tr class=\"odd\">\n<th class=\"label\">Protection house<\/th>\n<td class=\"data last\">IP42<\/td>\n<\/tr>\n<tr class=\"even\">\n<th class=\"label\">Rotor inertia [kgcm^2]<\/th>\n<td class=\"data last\">0,48<\/td>\n<\/tr>\n<tr class=\"odd\">\n<th class=\"label\">Max inertia factor<\/th>\n<td class=\"data last\">30<\/td>\n<\/tr>\n<tr class=\"even\">\n<th class=\"label\">Max current P+ [A]<\/th>\n<td class=\"data last\">3<\/td>\n<\/tr>\n<tr class=\"last odd\">\n<th class=\"label\">Color<\/th>\n<td class=\"data last\">Black<\/td>\n<\/tr>\n<\/tbody>\n<\/table>\n<div class=\"accordion current\">Dimensions<\/div>\n<div id=\"main-table\" class=\"data-table\">\n<table id=\"product-attribute-specs-table-3\" class=\"attri-table\">\n<colgroup>\n<col width=\"25%\" \/>\n<col \/><\/colgroup>\n<tbody>\n<tr class=\"first odd\">\n<th class=\"label\">Flange<\/th>\n<td class=\"data last\">NEMA23 6,35mm<\/td>\n<\/tr>\n<tr class=\"even\">\n<th class=\"label\">PIC_Text_2<\/th>\n<td class=\"data last\">NEMA 23 &#8211; 57x57mm<\/td>\n<\/tr>\n<tr class=\"odd\">\n<th class=\"label\">Shaft diameter &#8211; In [mm]<\/th>\n<td class=\"data last\">\u00d86,35 mm<\/td>\n<\/tr>\n<tr class=\"even\">\n<th class=\"label\">Shaft type &#8211; Out<\/th>\n<td class=\"data last\">No<\/td>\n<\/tr>\n<tr class=\"odd\">\n<th class=\"label\">Shaft length [mm]<\/th>\n<td class=\"data last\">20,6<\/td>\n<\/tr>\n<tr class=\"even\">\n<th class=\"label\">Motor length [mm]<\/th>\n<td class=\"data last\">118,5<\/td>\n<\/tr>\n<tr class=\"odd\">\n<th class=\"label\">Motor height [mm]<\/th>\n<td class=\"data last\">66,0<\/td>\n<\/tr>\n<tr class=\"even\">\n<th class=\"label\">Motor width [mm]<\/th>\n<td class=\"data last\">56,2<\/td>\n<\/tr>\n<tr class=\"last odd\">\n<th class=\"label\">Mounting holes<\/th>\n<td class=\"data last\">5 mm<\/td>\n<\/tr>\n<\/tbody>\n<\/table>\n<\/div>\n<\/div>\n","protected":false},"excerpt":{"rendered":"<p>JVL ge\u00efntegreerde stappenmotor<\/p>\n","protected":false},"featured_media":195,"template":"","meta":{"jetpack_post_was_ever_published":false,"jetpack_publicize_message":"","jetpack_is_tweetstorm":false,"jetpack_publicize_feature_enabled":true,"jetpack_social_post_already_shared":true,"jetpack_social_options":{"image_generator_settings":{"template":"highway","enabled":false}}},"product_cat":[17,151],"product_tag":[154,152,153],"jetpack_publicize_connections":[],"yoast_head":"<!-- This site is optimized with the Yoast SEO plugin v20.13 - https:\/\/yoast.com\/wordpress\/plugins\/seo\/ -->\n<title>JVL MIS232A1M3H275 Ge\u00eftegreerde stappenmotor - Tweedehands Industri\u00eble Producten<\/title>\n<meta name=\"robots\" content=\"index, follow, max-snippet:-1, max-image-preview:large, max-video-preview:-1\" \/>\n<link rel=\"canonical\" href=\"https:\/\/www.tweedehandsindustrieleproducten.nl\/wordpress\/product\/jvl-mis232a1m3h275-geitegreerde-stappenmotor\/\" \/>\n<meta property=\"og:locale\" content=\"nl_NL\" \/>\n<meta property=\"og:type\" content=\"article\" \/>\n<meta property=\"og:title\" content=\"JVL MIS232A1M3H275 Ge\u00eftegreerde stappenmotor - Tweedehands Industri\u00eble Producten\" \/>\n<meta property=\"og:description\" content=\"JVL ge\u00efntegreerde stappenmotor\" \/>\n<meta property=\"og:url\" content=\"https:\/\/www.tweedehandsindustrieleproducten.nl\/wordpress\/product\/jvl-mis232a1m3h275-geitegreerde-stappenmotor\/\" \/>\n<meta property=\"og:site_name\" content=\"Tweedehands Industri\u00eble Producten\" \/>\n<meta property=\"article:modified_time\" content=\"2019-04-22T14:16:04+00:00\" \/>\n<meta property=\"og:image\" content=\"https:\/\/www.tweedehandsindustrieleproducten.nl\/wordpress\/wp-content\/uploads\/2018\/10\/MIS232.jpg\" \/>\n\t<meta property=\"og:image:width\" content=\"237\" \/>\n\t<meta property=\"og:image:height\" content=\"212\" \/>\n\t<meta property=\"og:image:type\" content=\"image\/jpeg\" \/>\n<meta name=\"twitter:card\" content=\"summary_large_image\" \/>\n<script type=\"application\/ld+json\" class=\"yoast-schema-graph\">{\"@context\":\"https:\/\/schema.org\",\"@graph\":[{\"@type\":\"WebPage\",\"@id\":\"https:\/\/www.tweedehandsindustrieleproducten.nl\/wordpress\/product\/jvl-mis232a1m3h275-geitegreerde-stappenmotor\/\",\"url\":\"https:\/\/www.tweedehandsindustrieleproducten.nl\/wordpress\/product\/jvl-mis232a1m3h275-geitegreerde-stappenmotor\/\",\"name\":\"JVL MIS232A1M3H275 Ge\u00eftegreerde stappenmotor - Tweedehands Industri\u00eble Producten\",\"isPartOf\":{\"@id\":\"https:\/\/www.tweedehandsindustrieleproducten.nl\/wordpress\/#website\"},\"datePublished\":\"2018-10-21T13:54:47+00:00\",\"dateModified\":\"2019-04-22T14:16:04+00:00\",\"breadcrumb\":{\"@id\":\"https:\/\/www.tweedehandsindustrieleproducten.nl\/wordpress\/product\/jvl-mis232a1m3h275-geitegreerde-stappenmotor\/#breadcrumb\"},\"inLanguage\":\"nl-NL\",\"potentialAction\":[{\"@type\":\"ReadAction\",\"target\":[\"https:\/\/www.tweedehandsindustrieleproducten.nl\/wordpress\/product\/jvl-mis232a1m3h275-geitegreerde-stappenmotor\/\"]}]},{\"@type\":\"BreadcrumbList\",\"@id\":\"https:\/\/www.tweedehandsindustrieleproducten.nl\/wordpress\/product\/jvl-mis232a1m3h275-geitegreerde-stappenmotor\/#breadcrumb\",\"itemListElement\":[{\"@type\":\"ListItem\",\"position\":1,\"name\":\"Home\",\"item\":\"https:\/\/www.tweedehandsindustrieleproducten.nl\/wordpress\/\"},{\"@type\":\"ListItem\",\"position\":2,\"name\":\"Winkel\",\"item\":\"https:\/\/www.tweedehandsindustrieleproducten.nl\/wordpress\/\"},{\"@type\":\"ListItem\",\"position\":3,\"name\":\"JVL MIS232A1M3H275 Ge\u00eftegreerde stappenmotor\"}]},{\"@type\":\"WebSite\",\"@id\":\"https:\/\/www.tweedehandsindustrieleproducten.nl\/wordpress\/#website\",\"url\":\"https:\/\/www.tweedehandsindustrieleproducten.nl\/wordpress\/\",\"name\":\"Tweedehands Industri\u00eble Producten\",\"description\":\"(on-)gebruikte industri\u00eble producten\",\"publisher\":{\"@id\":\"https:\/\/www.tweedehandsindustrieleproducten.nl\/wordpress\/#\/schema\/person\/e23f3125691d486bde480b521c53ac3b\"},\"potentialAction\":[{\"@type\":\"SearchAction\",\"target\":{\"@type\":\"EntryPoint\",\"urlTemplate\":\"https:\/\/www.tweedehandsindustrieleproducten.nl\/wordpress\/?s={search_term_string}\"},\"query-input\":\"required name=search_term_string\"}],\"inLanguage\":\"nl-NL\"},{\"@type\":[\"Person\",\"Organization\"],\"@id\":\"https:\/\/www.tweedehandsindustrieleproducten.nl\/wordpress\/#\/schema\/person\/e23f3125691d486bde480b521c53ac3b\",\"name\":\"johnny thunder\",\"image\":{\"@type\":\"ImageObject\",\"inLanguage\":\"nl-NL\",\"@id\":\"https:\/\/www.tweedehandsindustrieleproducten.nl\/wordpress\/#\/schema\/person\/image\/\",\"url\":\"https:\/\/secure.gravatar.com\/avatar\/24244dd07fae87f9edd4b996847a6761?s=96&d=mm&r=g\",\"contentUrl\":\"https:\/\/secure.gravatar.com\/avatar\/24244dd07fae87f9edd4b996847a6761?s=96&d=mm&r=g\",\"caption\":\"johnny thunder\"},\"logo\":{\"@id\":\"https:\/\/www.tweedehandsindustrieleproducten.nl\/wordpress\/#\/schema\/person\/image\/\"}}]}<\/script>\n<!-- \/ Yoast SEO plugin. -->","yoast_head_json":{"title":"JVL MIS232A1M3H275 Ge\u00eftegreerde stappenmotor - Tweedehands Industri\u00eble Producten","robots":{"index":"index","follow":"follow","max-snippet":"max-snippet:-1","max-image-preview":"max-image-preview:large","max-video-preview":"max-video-preview:-1"},"canonical":"https:\/\/www.tweedehandsindustrieleproducten.nl\/wordpress\/product\/jvl-mis232a1m3h275-geitegreerde-stappenmotor\/","og_locale":"nl_NL","og_type":"article","og_title":"JVL MIS232A1M3H275 Ge\u00eftegreerde stappenmotor - Tweedehands Industri\u00eble Producten","og_description":"JVL ge\u00efntegreerde stappenmotor","og_url":"https:\/\/www.tweedehandsindustrieleproducten.nl\/wordpress\/product\/jvl-mis232a1m3h275-geitegreerde-stappenmotor\/","og_site_name":"Tweedehands Industri\u00eble Producten","article_modified_time":"2019-04-22T14:16:04+00:00","og_image":[{"width":237,"height":212,"url":"https:\/\/www.tweedehandsindustrieleproducten.nl\/wordpress\/wp-content\/uploads\/2018\/10\/MIS232.jpg","type":"image\/jpeg"}],"twitter_card":"summary_large_image","schema":{"@context":"https:\/\/schema.org","@graph":[{"@type":"WebPage","@id":"https:\/\/www.tweedehandsindustrieleproducten.nl\/wordpress\/product\/jvl-mis232a1m3h275-geitegreerde-stappenmotor\/","url":"https:\/\/www.tweedehandsindustrieleproducten.nl\/wordpress\/product\/jvl-mis232a1m3h275-geitegreerde-stappenmotor\/","name":"JVL MIS232A1M3H275 Ge\u00eftegreerde stappenmotor - Tweedehands Industri\u00eble Producten","isPartOf":{"@id":"https:\/\/www.tweedehandsindustrieleproducten.nl\/wordpress\/#website"},"datePublished":"2018-10-21T13:54:47+00:00","dateModified":"2019-04-22T14:16:04+00:00","breadcrumb":{"@id":"https:\/\/www.tweedehandsindustrieleproducten.nl\/wordpress\/product\/jvl-mis232a1m3h275-geitegreerde-stappenmotor\/#breadcrumb"},"inLanguage":"nl-NL","potentialAction":[{"@type":"ReadAction","target":["https:\/\/www.tweedehandsindustrieleproducten.nl\/wordpress\/product\/jvl-mis232a1m3h275-geitegreerde-stappenmotor\/"]}]},{"@type":"BreadcrumbList","@id":"https:\/\/www.tweedehandsindustrieleproducten.nl\/wordpress\/product\/jvl-mis232a1m3h275-geitegreerde-stappenmotor\/#breadcrumb","itemListElement":[{"@type":"ListItem","position":1,"name":"Home","item":"https:\/\/www.tweedehandsindustrieleproducten.nl\/wordpress\/"},{"@type":"ListItem","position":2,"name":"Winkel","item":"https:\/\/www.tweedehandsindustrieleproducten.nl\/wordpress\/"},{"@type":"ListItem","position":3,"name":"JVL MIS232A1M3H275 Ge\u00eftegreerde stappenmotor"}]},{"@type":"WebSite","@id":"https:\/\/www.tweedehandsindustrieleproducten.nl\/wordpress\/#website","url":"https:\/\/www.tweedehandsindustrieleproducten.nl\/wordpress\/","name":"Tweedehands Industri\u00eble Producten","description":"(on-)gebruikte industri\u00eble producten","publisher":{"@id":"https:\/\/www.tweedehandsindustrieleproducten.nl\/wordpress\/#\/schema\/person\/e23f3125691d486bde480b521c53ac3b"},"potentialAction":[{"@type":"SearchAction","target":{"@type":"EntryPoint","urlTemplate":"https:\/\/www.tweedehandsindustrieleproducten.nl\/wordpress\/?s={search_term_string}"},"query-input":"required name=search_term_string"}],"inLanguage":"nl-NL"},{"@type":["Person","Organization"],"@id":"https:\/\/www.tweedehandsindustrieleproducten.nl\/wordpress\/#\/schema\/person\/e23f3125691d486bde480b521c53ac3b","name":"johnny thunder","image":{"@type":"ImageObject","inLanguage":"nl-NL","@id":"https:\/\/www.tweedehandsindustrieleproducten.nl\/wordpress\/#\/schema\/person\/image\/","url":"https:\/\/secure.gravatar.com\/avatar\/24244dd07fae87f9edd4b996847a6761?s=96&d=mm&r=g","contentUrl":"https:\/\/secure.gravatar.com\/avatar\/24244dd07fae87f9edd4b996847a6761?s=96&d=mm&r=g","caption":"johnny thunder"},"logo":{"@id":"https:\/\/www.tweedehandsindustrieleproducten.nl\/wordpress\/#\/schema\/person\/image\/"}}]}},"jetpack_sharing_enabled":true,"_links":{"self":[{"href":"https:\/\/www.tweedehandsindustrieleproducten.nl\/wordpress\/wp-json\/wp\/v2\/product\/194"}],"collection":[{"href":"https:\/\/www.tweedehandsindustrieleproducten.nl\/wordpress\/wp-json\/wp\/v2\/product"}],"about":[{"href":"https:\/\/www.tweedehandsindustrieleproducten.nl\/wordpress\/wp-json\/wp\/v2\/types\/product"}],"wp:featuredmedia":[{"embeddable":true,"href":"https:\/\/www.tweedehandsindustrieleproducten.nl\/wordpress\/wp-json\/wp\/v2\/media\/195"}],"wp:attachment":[{"href":"https:\/\/www.tweedehandsindustrieleproducten.nl\/wordpress\/wp-json\/wp\/v2\/media?parent=194"}],"wp:term":[{"taxonomy":"product_cat","embeddable":true,"href":"https:\/\/www.tweedehandsindustrieleproducten.nl\/wordpress\/wp-json\/wp\/v2\/product_cat?post=194"},{"taxonomy":"product_tag","embeddable":true,"href":"https:\/\/www.tweedehandsindustrieleproducten.nl\/wordpress\/wp-json\/wp\/v2\/product_tag?post=194"}],"curies":[{"name":"wp","href":"https:\/\/api.w.org\/{rel}","templated":true}]}}